{"id":13,"date":"2017-09-11T12:57:19","date_gmt":"2017-09-11T10:57:19","guid":{"rendered":"https:\/\/journey.lionel.me\/usa2018\/?page_id=13"},"modified":"2018-09-12T19:51:04","modified_gmt":"2018-09-13T02:51:04","slug":"sdfsdfdfgsdfgsdfg","status":"publish","type":"page","link":"https:\/\/journey.lionel.me\/usa2018\/","title":{"rendered":"USA 2018"},"content":{"rendered":"<p style=\"text-align: center;\"><a href=\"https:\/\/journey.lionel.me\/usa2018\/carte\/\"><strong>Voir la carte du voyage<\/strong><\/a><\/p>\n<p style=\"text-align: center;\">Note du 12.09: toutes les images pr\u00e9c\u00e9dant Monuement Valley ont \u00e9t\u00e9 mise \u00e0 jour au double de leur taille (pour ceux qui ont un \u00e9cran Retina, iPad ou \u00e9cran 4K).<\/p>\n<div class=\"basement-gallery-wrap-block basement-portfolio-wrapper basement-gallery-cols-3 basement-gallery-margins-yes basement-gallery-grid_size-boxed basement-gallery-grid_type-masonry basement-gallery-tiles_type-hover basement-gallery-click_type-standard\" ><div class=\"row categories hide\" style=\"text-align:center;margin-bottom:0;\"><ul class=\"nav-category\"><li class=\"selected\"><a href=\"#all\" class=\"filter\" data-filter=\"*\">All<\/a><\/li><\/ul><\/div><div class=\"row isotope-list  magnific-wrap \" style=\"margin-bottom: 0;\"><div class=\"col-xs-6 col-sm-4   mix  basement-thumb-margins\"    style=\"margin-bottom:0;\"><div class=\"basement-wrap-inner\"><img decoding=\"async\" src=\"https:\/\/journey.lionel.me\/usa2018\/wp-content\/uploads\/2018\/09\/3715E30E-30F1-4121-9C42-DFAFF4304CAE-800x600.jpeg\" style=\"max-width: 100%;\" alt=\"\"><a href=\"https:\/\/journey.lionel.me\/usa2018\/single-work\/bye-bye-vegas\/\" class=\"mask\" title=\"Bye Bye Vegas\"><h4>Bye Bye Vegas<cite>16.09.2018<\/cite> <\/h4><\/a><\/div><\/div><div class=\"col-xs-6 col-sm-4   mix  basement-thumb-margins\"    style=\"margin-bottom:0;\"><div class=\"basement-wrap-inner\"><img decoding=\"async\" src=\"https:\/\/journey.lionel.me\/usa2018\/wp-content\/uploads\/2018\/09\/A53A2654-FF4D-4977-B559-47C833FBCF27-800x600.jpeg\" style=\"max-width: 100%;\" alt=\"\"><a href=\"https:\/\/journey.lionel.me\/usa2018\/single-work\/red-rock-canyon\/\" class=\"mask\" title=\"Red Rock Canyon\"><h4>Red Rock Canyon<cite>15.09.2018<\/cite> <\/h4><\/a><\/div><\/div><div class=\"col-xs-6 col-sm-4   mix  basement-thumb-margins\"    style=\"margin-bottom:0;\"><div class=\"basement-wrap-inner\"><img decoding=\"async\" src=\"https:\/\/journey.lionel.me\/usa2018\/wp-content\/uploads\/2018\/09\/05636021-3DB3-4848-B7CF-F1DBF891F6E4-800x600.jpeg\" style=\"max-width: 100%;\" alt=\"\"><a href=\"https:\/\/journey.lionel.me\/usa2018\/single-work\/neon-museum\/\" class=\"mask\" title=\"Neon Museum\"><h4>Neon Museum<cite>15.09.2018<\/cite> <\/h4><\/a><\/div><\/div><div class=\"col-xs-6 col-sm-4   mix  basement-thumb-margins\"    style=\"margin-bottom:0;\"><div class=\"basement-wrap-inner\"><img decoding=\"async\" src=\"https:\/\/journey.lionel.me\/usa2018\/wp-content\/uploads\/2018\/09\/09647339-1117-42D7-9CA7-F6C3BA648A99.jpeg\" style=\"max-width: 100%;\" alt=\"\"><a href=\"https:\/\/journey.lionel.me\/usa2018\/single-work\/las-vegas-sign\/\" class=\"mask\" title=\"Las Vegas Sign\"><h4>Las Vegas Sign<cite>14.09.2018<\/cite> <\/h4><\/a><\/div><\/div><div class=\"col-xs-6 col-sm-4   mix  basement-thumb-margins\"    style=\"margin-bottom:0;\"><div class=\"basement-wrap-inner\"><img decoding=\"async\" src=\"https:\/\/journey.lionel.me\/usa2018\/wp-content\/uploads\/2018\/09\/C151B07F-5760-44F6-B400-376523016E51-800x600.jpeg\" style=\"max-width: 100%;\" alt=\"\"><a href=\"https:\/\/journey.lionel.me\/usa2018\/single-work\/kaiseki-yuzu\/\" class=\"mask\" title=\"Kaiseki Yuzu\"><h4>Kaiseki Yuzu<cite>14.09.2018<\/cite> <\/h4><\/a><\/div><\/div><div class=\"col-xs-6 col-sm-4   mix  basement-thumb-margins\"    style=\"margin-bottom:0;\"><div class=\"basement-wrap-inner\"><img decoding=\"async\" src=\"https:\/\/journey.lionel.me\/usa2018\/wp-content\/uploads\/2018\/09\/1067E74D-DD4A-4A53-8BB6-234B4FCEFDAC-800x600.jpeg\" style=\"max-width: 100%;\" alt=\"\"><a href=\"https:\/\/journey.lionel.me\/usa2018\/single-work\/outlets\/\" class=\"mask\" title=\"Las Vegas Outlets\"><h4>Las Vegas Outlets<cite>14.09.2018<\/cite> <\/h4><\/a><\/div><\/div><div class=\"col-xs-6 col-sm-4   mix  basement-thumb-margins\"    style=\"margin-bottom:0;\"><div class=\"basement-wrap-inner\"><img decoding=\"async\" src=\"https:\/\/journey.lionel.me\/usa2018\/wp-content\/uploads\/2018\/09\/46299B64-2A06-45D3-AA68-CA433232B3A4.jpeg\" style=\"max-width: 100%;\" alt=\"\"><a href=\"https:\/\/journey.lionel.me\/usa2018\/single-work\/fremont-street\/\" class=\"mask\" title=\"Fremont Street\"><h4>Fremont Street<cite>13.09.2018<\/cite> <\/h4><\/a><\/div><\/div><div class=\"col-xs-6 col-sm-4   mix  basement-thumb-margins\"    style=\"margin-bottom:0;\"><div class=\"basement-wrap-inner\"><img decoding=\"async\" src=\"https:\/\/journey.lionel.me\/usa2018\/wp-content\/uploads\/2018\/09\/5F18AAC6-DF36-437D-85AE-EC4D8B1E3B39-800x600.jpeg\" style=\"max-width: 100%;\" alt=\"\"><a href=\"https:\/\/journey.lionel.me\/usa2018\/single-work\/hoover-dam\/\" class=\"mask\" title=\"Hoover Dam\"><h4>Hoover Dam<cite>13.09.2018<\/cite> <\/h4><\/a><\/div><\/div><div class=\"col-xs-6 col-sm-4   mix  basement-thumb-margins\"    style=\"margin-bottom:0;\"><div class=\"basement-wrap-inner\"><img decoding=\"async\" src=\"https:\/\/journey.lionel.me\/usa2018\/wp-content\/uploads\/2018\/09\/AA14B8AD-BB96-4F18-8560-C1F06F3B9245-800x600.jpeg\" style=\"max-width: 100%;\" alt=\"\"><a href=\"https:\/\/journey.lionel.me\/usa2018\/single-work\/grand-canyon\/\" class=\"mask\" title=\"Grand Canyon\"><h4>Grand Canyon<cite>13.09.2018<\/cite> <\/h4><\/a><\/div><\/div><div class=\"col-xs-6 col-sm-4   mix  basement-thumb-margins\"    style=\"margin-bottom:0;\"><div class=\"basement-wrap-inner\"><img decoding=\"async\" src=\"https:\/\/journey.lionel.me\/usa2018\/wp-content\/uploads\/2018\/09\/C22637AA-DA2A-4A0C-8E03-4175DCE26904-800x600.jpeg\" style=\"max-width: 100%;\" alt=\"\"><a href=\"https:\/\/journey.lionel.me\/usa2018\/single-work\/road-66\/\" class=\"mask\" title=\"Road 66\"><h4>Road 66<cite>12.09.2018<\/cite> <\/h4><\/a><\/div><\/div><div class=\"col-xs-6 col-sm-4   mix  basement-thumb-margins\"    style=\"margin-bottom:0;\"><div class=\"basement-wrap-inner\"><img decoding=\"async\" src=\"https:\/\/journey.lionel.me\/usa2018\/wp-content\/uploads\/2018\/09\/D20DBA4E-471D-411D-B453-247093288DC1.jpeg\" style=\"max-width: 100%;\" alt=\"\"><a href=\"https:\/\/journey.lionel.me\/usa2018\/single-work\/lauberge-sedona\/\" class=\"mask\" title=\"L\u2019auberge Sedona\"><h4>L\u2019auberge Sedona<cite>11.09.2018<\/cite> <\/h4><\/a><\/div><\/div><div class=\"col-xs-6 col-sm-4   mix  basement-thumb-margins\"    style=\"margin-bottom:0;\"><div class=\"basement-wrap-inner\"><img decoding=\"async\" src=\"https:\/\/journey.lionel.me\/usa2018\/wp-content\/uploads\/2018\/09\/6CE3FD7F-8281-4BD7-B228-E9A433F4557F-800x600.jpeg\" style=\"max-width: 100%;\" alt=\"\"><a href=\"https:\/\/journey.lionel.me\/usa2018\/single-work\/sedona\/\" class=\"mask\" title=\"Sedona\"><h4>Sedona<cite>10.09.2018<\/cite> <\/h4><\/a><\/div><\/div><div class=\"col-xs-6 col-sm-4   mix  basement-thumb-margins\"    style=\"margin-bottom:0;\"><div class=\"basement-wrap-inner\"><img decoding=\"async\" src=\"https:\/\/journey.lionel.me\/usa2018\/wp-content\/uploads\/2018\/09\/12276545-DFE8-4C57-8499-A1DA442A77D2-800x600.jpeg\" style=\"max-width: 100%;\" alt=\"\"><a href=\"https:\/\/journey.lionel.me\/usa2018\/single-work\/meteor-crater\/\" class=\"mask\" title=\"Meteor Crater\"><h4>Meteor Crater<cite>10.09.2018<\/cite> <\/h4><\/a><\/div><\/div><div class=\"col-xs-6 col-sm-4   mix  basement-thumb-margins\"    style=\"margin-bottom:0;\"><div class=\"basement-wrap-inner\"><img decoding=\"async\" src=\"https:\/\/journey.lionel.me\/usa2018\/wp-content\/uploads\/2018\/09\/75F248ED-EF5C-421B-9CA5-09D856E886FD.jpeg\" style=\"max-width: 100%;\" alt=\"\"><a href=\"https:\/\/journey.lionel.me\/usa2018\/single-work\/petrified-forest\/\" class=\"mask\" title=\"Petrified Forest\"><h4>Petrified Forest<cite>09.09.2018<\/cite> <\/h4><\/a><\/div><\/div><div class=\"col-xs-6 col-sm-4   mix  basement-thumb-margins\"    style=\"margin-bottom:0;\"><div class=\"basement-wrap-inner\"><img decoding=\"async\" src=\"https:\/\/journey.lionel.me\/usa2018\/wp-content\/uploads\/2018\/09\/96E92900-1302-4065-BDAC-0B1B7D09E713-800x600.jpeg\" style=\"max-width: 100%;\" alt=\"\"><a href=\"https:\/\/journey.lionel.me\/usa2018\/single-work\/mesa-verde\/\" class=\"mask\" title=\"Mesa Verde\"><h4>Mesa Verde<cite>08.09.2018<\/cite> <\/h4><\/a><\/div><\/div><div class=\"col-xs-6 col-sm-4   mix  basement-thumb-margins\"    style=\"margin-bottom:0;\"><div class=\"basement-wrap-inner\"><img decoding=\"async\" src=\"https:\/\/journey.lionel.me\/usa2018\/wp-content\/uploads\/2018\/09\/3529685B-A002-4DFF-8961-57606B740F23-2000x1500.jpeg\" style=\"max-width: 100%;\" alt=\"\"><a href=\"https:\/\/journey.lionel.me\/usa2018\/single-work\/four-corners-monument\/\" class=\"mask\" title=\"Four Corners Monument\"><h4>Four Corners Monument<cite>08.09.2018<\/cite> <\/h4><\/a><\/div><\/div><div class=\"col-xs-6 col-sm-4   mix  basement-thumb-margins\"    style=\"margin-bottom:0;\"><div class=\"basement-wrap-inner\"><img decoding=\"async\" src=\"https:\/\/journey.lionel.me\/usa2018\/wp-content\/uploads\/2018\/09\/2074E54C-9010-4BAA-BAE5-6058ED0ED817-800x600.jpeg\" style=\"max-width: 100%;\" alt=\"\"><a href=\"https:\/\/journey.lionel.me\/usa2018\/single-work\/monument-valley\/\" class=\"mask\" title=\"Monument Valley\"><h4>Monument Valley<cite>07.09.2018<\/cite> <\/h4><\/a><\/div><\/div><div class=\"col-xs-6 col-sm-4   mix  basement-thumb-margins\"    style=\"margin-bottom:0;\"><div class=\"basement-wrap-inner\"><img decoding=\"async\" src=\"https:\/\/journey.lionel.me\/usa2018\/wp-content\/uploads\/2018\/09\/D836D5E0-FDF4-4F40-82C3-5EFB3E9EBF72-800x600.jpeg\" style=\"max-width: 100%;\" alt=\"\"><a href=\"https:\/\/journey.lionel.me\/usa2018\/single-work\/the-needles\/\" class=\"mask\" title=\"The Needles\"><h4>The Needles<cite>07.09.2018<\/cite> <\/h4><\/a><\/div><\/div><div class=\"col-xs-6 col-sm-4   mix  basement-thumb-margins\"    style=\"margin-bottom:0;\"><div class=\"basement-wrap-inner\"><img decoding=\"async\" src=\"https:\/\/journey.lionel.me\/usa2018\/wp-content\/uploads\/2018\/09\/3B7E3EDD-1E5E-4671-91D6-3BF392FA53C7-800x600.jpeg\" style=\"max-width: 100%;\" alt=\"\"><a href=\"https:\/\/journey.lionel.me\/usa2018\/single-work\/downtown-moab\/\" class=\"mask\" title=\"Downtown Moab\"><h4>Downtown Moab<cite>06.09.2018<\/cite> <\/h4><\/a><\/div><\/div><div class=\"col-xs-6 col-sm-4   mix  basement-thumb-margins\"    style=\"margin-bottom:0;\"><div class=\"basement-wrap-inner\"><img decoding=\"async\" src=\"https:\/\/journey.lionel.me\/usa2018\/wp-content\/uploads\/2018\/09\/EA2A6B82-CAFE-43EA-9198-DF52C53E581D-800x600.jpeg\" style=\"max-width: 100%;\" alt=\"\"><a href=\"https:\/\/journey.lionel.me\/usa2018\/single-work\/dead-horse-point\/\" class=\"mask\" title=\"Dead Horse Point\"><h4>Dead Horse Point<cite>06.09.2018<\/cite> <\/h4><\/a><\/div><\/div><div class=\"col-xs-6 col-sm-4   mix  basement-thumb-margins\"    style=\"margin-bottom:0;\"><div class=\"basement-wrap-inner\"><img decoding=\"async\" src=\"https:\/\/journey.lionel.me\/usa2018\/wp-content\/uploads\/2018\/09\/CCD50B5E-E5D0-401F-A856-94F1C0EFEBE3-800x600.jpeg\" style=\"max-width: 100%;\" alt=\"\"><a href=\"https:\/\/journey.lionel.me\/usa2018\/single-work\/island-in-the-sky\/\" class=\"mask\" title=\"Island in the Sky\"><h4>Island in the Sky<cite>06.09.2018<\/cite> <\/h4><\/a><\/div><\/div><div class=\"col-xs-6 col-sm-4   mix  basement-thumb-margins\"    style=\"margin-bottom:0;\"><div class=\"basement-wrap-inner\"><img decoding=\"async\" src=\"https:\/\/journey.lionel.me\/usa2018\/wp-content\/uploads\/2018\/09\/32540ADC-08E2-4DBC-9043-1D0AFF47173B-800x600.jpeg\" style=\"max-width: 100%;\" alt=\"\"><a href=\"https:\/\/journey.lionel.me\/usa2018\/single-work\/arches\/\" class=\"mask\" title=\"Arches\"><h4>Arches<cite>05.09.2018<\/cite> <\/h4><\/a><\/div><\/div><div class=\"col-xs-6 col-sm-4   mix  basement-thumb-margins\"    style=\"margin-bottom:0;\"><div class=\"basement-wrap-inner\"><img decoding=\"async\" src=\"https:\/\/journey.lionel.me\/usa2018\/wp-content\/uploads\/2018\/09\/A56B2CCF-0406-4D70-B6C5-FF569B4299E5-e1536159757659-800x600.jpeg\" style=\"max-width: 100%;\" alt=\"\"><a href=\"https:\/\/journey.lionel.me\/usa2018\/single-work\/moab-morning-run\/\" class=\"mask\" title=\"Moab Morning Run\"><h4>Moab Morning Run<cite>05.09.2018<\/cite> <\/h4><\/a><\/div><\/div><div class=\"col-xs-6 col-sm-4   mix  basement-thumb-margins\"    style=\"margin-bottom:0;\"><div class=\"basement-wrap-inner\"><img decoding=\"async\" src=\"https:\/\/journey.lionel.me\/usa2018\/wp-content\/uploads\/2018\/09\/7EA78315-AD43-4DB1-9885-A9C24BEEBCC5-800x600.jpeg\" style=\"max-width: 100%;\" alt=\"\"><a href=\"https:\/\/journey.lionel.me\/usa2018\/single-work\/capitol-reef\/\" class=\"mask\" title=\"Capitol Reef\"><h4>Capitol Reef<cite>04.09.2018<\/cite> <\/h4><\/a><\/div><\/div><div class=\"col-xs-6 col-sm-4   mix  basement-thumb-margins\"    style=\"margin-bottom:0;\"><div class=\"basement-wrap-inner\"><img decoding=\"async\" src=\"https:\/\/journey.lionel.me\/usa2018\/wp-content\/uploads\/2018\/09\/1F5A554B-0420-4963-95BF-867EF2ACCDF6-800x600.jpeg\" style=\"max-width: 100%;\" alt=\"\"><a href=\"https:\/\/journey.lionel.me\/usa2018\/single-work\/in-the-heart-of-utah\/\" class=\"mask\" title=\"In the heart of Utah\"><h4>In the heart of Utah<cite>03.09.2018<\/cite> <\/h4><\/a><\/div><\/div><div class=\"col-xs-6 col-sm-4   mix  basement-thumb-margins\"    style=\"margin-bottom:0;\"><div class=\"basement-wrap-inner\"><img decoding=\"async\" src=\"https:\/\/journey.lionel.me\/usa2018\/wp-content\/uploads\/2018\/09\/6953115D-CED4-4189-B6B3-531608047E18-800x600.jpeg\" style=\"max-width: 100%;\" alt=\"\"><a href=\"https:\/\/journey.lionel.me\/usa2018\/single-work\/cathedral-valley\/\" class=\"mask\" title=\"Cathedral Valley\"><h4>Cathedral Valley<cite>03.09.2018<\/cite> <\/h4><\/a><\/div><\/div><div class=\"col-xs-6 col-sm-4   mix  basement-thumb-margins\"    style=\"margin-bottom:0;\"><div class=\"basement-wrap-inner\"><img decoding=\"async\" src=\"https:\/\/journey.lionel.me\/usa2018\/wp-content\/uploads\/2018\/09\/E55557EC-F564-4A4D-964F-BAB2B41674FF-800x600.jpeg\" style=\"max-width: 100%;\" alt=\"\"><a href=\"https:\/\/journey.lionel.me\/usa2018\/single-work\/bryce-canyon\/\" class=\"mask\" title=\"Bryce Canyon\"><h4>Bryce Canyon<cite>02.09.2018<\/cite> <\/h4><\/a><\/div><\/div><div class=\"col-xs-6 col-sm-4   mix  basement-thumb-margins\"    style=\"margin-bottom:0;\"><div class=\"basement-wrap-inner\"><img decoding=\"async\" src=\"https:\/\/journey.lionel.me\/usa2018\/wp-content\/uploads\/2018\/09\/276F84F1-039D-4511-87B5-B6BA81545A38-800x600.jpeg\" style=\"max-width: 100%;\" alt=\"\"><a href=\"https:\/\/journey.lionel.me\/usa2018\/single-work\/cedar-breaks-national-monument\/\" class=\"mask\" title=\"Cedar Breaks National Monument\"><h4>Cedar Breaks National Monument<cite>02.09.2018<\/cite> <\/h4><\/a><\/div><\/div><div class=\"col-xs-6 col-sm-4   mix  basement-thumb-margins\"    style=\"margin-bottom:0;\"><div class=\"basement-wrap-inner\"><img decoding=\"async\" src=\"https:\/\/journey.lionel.me\/usa2018\/wp-content\/uploads\/2018\/09\/D6DC2704-2CEB-4B20-9F93-F64E440F7A61-800x600.jpeg\" style=\"max-width: 100%;\" alt=\"\"><a href=\"https:\/\/journey.lionel.me\/usa2018\/single-work\/pioche-labour-day\/\" class=\"mask\" title=\"Pioche Labour Day\"><h4>Pioche Labour Day<cite>02.09.2018<\/cite> <\/h4><\/a><\/div><\/div><div class=\"col-xs-6 col-sm-4   mix  basement-thumb-margins\"    style=\"margin-bottom:0;\"><div class=\"basement-wrap-inner\"><img decoding=\"async\" src=\"https:\/\/journey.lionel.me\/usa2018\/wp-content\/uploads\/2018\/09\/ECE8E7FC-221D-4F68-ACE1-B0CDED659AD9-800x600.jpeg\" style=\"max-width: 100%;\" alt=\"\"><a href=\"https:\/\/journey.lionel.me\/usa2018\/single-work\/cathedral-gorge-state-park\/\" class=\"mask\" title=\"Cathedral Gorge State Park\"><h4>Cathedral Gorge State Park<cite>02.09.2018<\/cite> <\/h4><\/a><\/div><\/div><div class=\"col-xs-6 col-sm-4   mix  basement-thumb-margins\"    style=\"margin-bottom:0;\"><div class=\"basement-wrap-inner\"><img decoding=\"async\" src=\"https:\/\/journey.lionel.me\/usa2018\/wp-content\/uploads\/2018\/09\/1EF8C99D-9642-4C2D-ADDE-242AEBD86237-800x600.jpeg\" style=\"max-width: 100%;\" alt=\"\"><a href=\"https:\/\/journey.lionel.me\/usa2018\/single-work\/across-nevada\/\" class=\"mask\" title=\"Across Nevada\"><h4>Across Nevada<cite>02.09.2018<\/cite> <\/h4><\/a><\/div><\/div><div class=\"col-xs-6 col-sm-4   mix  basement-thumb-margins\"    style=\"margin-bottom:0;\"><div class=\"basement-wrap-inner\"><img decoding=\"async\" src=\"https:\/\/journey.lionel.me\/usa2018\/wp-content\/uploads\/2018\/09\/D6E828CA-A623-442A-B899-80ADBF377B34-800x600.jpeg\" style=\"max-width: 100%;\" alt=\"\"><a href=\"https:\/\/journey.lionel.me\/usa2018\/single-work\/stovepipe-wells\/\" class=\"mask\" title=\"Stovepipe Wells\"><h4>Stovepipe Wells<cite>01.09.2018<\/cite> <\/h4><\/a><\/div><\/div><div class=\"col-xs-6 col-sm-4   mix  basement-thumb-margins\"    style=\"margin-bottom:0;\"><div class=\"basement-wrap-inner\"><img decoding=\"async\" src=\"https:\/\/journey.lionel.me\/usa2018\/wp-content\/uploads\/2018\/09\/976B93FF-5B0F-4288-B1EC-ABD669CEEB14-800x600.jpeg\" style=\"max-width: 100%;\" alt=\"\"><a href=\"https:\/\/journey.lionel.me\/usa2018\/single-work\/death-valley-national-park\/\" class=\"mask\" title=\"Death Valley National Park\"><h4>Death Valley National Park<cite>01.09.2018<\/cite> <\/h4><\/a><\/div><\/div><div class=\"col-xs-6 col-sm-4   mix  basement-thumb-margins\"    style=\"margin-bottom:0;\"><div class=\"basement-wrap-inner\"><img decoding=\"async\" src=\"https:\/\/journey.lionel.me\/usa2018\/wp-content\/uploads\/2018\/08\/85DF8DCE-4BF3-46FC-B6C4-1BD8C450B895-800x600.jpeg\" style=\"max-width: 100%;\" alt=\"\"><a href=\"https:\/\/journey.lionel.me\/usa2018\/single-work\/las-vegas-by-night\/\" class=\"mask\" title=\"Las Vegas by night\"><h4>Las Vegas by night<cite>31.08.2018<\/cite> <\/h4><\/a><\/div><\/div><div class=\"col-xs-6 col-sm-4   mix  basement-thumb-margins\"    style=\"margin-bottom:0;\"><div class=\"basement-wrap-inner\"><img decoding=\"async\" src=\"https:\/\/journey.lionel.me\/usa2018\/wp-content\/uploads\/2018\/08\/89D26C28-0AA2-423D-A0AC-112321B9FC90-800x600.jpeg\" style=\"max-width: 100%;\" alt=\"\"><a href=\"https:\/\/journey.lionel.me\/usa2018\/single-work\/a-day-in-las-vegas\/\" class=\"mask\" title=\"A day in Las Vegas\"><h4>A day in Las Vegas<cite>31.08.2018<\/cite> <\/h4><\/a><\/div><\/div><div class=\"col-xs-6 col-sm-4   mix  basement-thumb-margins\"    style=\"margin-bottom:0;\"><div class=\"basement-wrap-inner\"><img decoding=\"async\" src=\"https:\/\/journey.lionel.me\/usa2018\/wp-content\/uploads\/2018\/08\/D31DF2DF-E8DA-4732-BCEE-5CDFADED1EB9-800x600.jpeg\" style=\"max-width: 100%;\" alt=\"\"><a href=\"https:\/\/journey.lionel.me\/usa2018\/single-work\/welcome-to-las-vegas\/\" class=\"mask\" title=\"Welcome to Las Vegas\"><h4>Welcome to Las Vegas<cite>30.08.2018<\/cite> <\/h4><\/a><\/div><\/div><div class=\"col-xs-6 col-sm-4   mix  basement-thumb-margins\"    style=\"margin-bottom:0;\"><div class=\"basement-wrap-inner\"><img decoding=\"async\" src=\"https:\/\/journey.lionel.me\/usa2018\/wp-content\/uploads\/2018\/08\/6A85A896-2708-4F6F-9D1A-2209023F1E72-800x600.jpeg\" style=\"max-width: 100%;\" alt=\"\"><a href=\"https:\/\/journey.lionel.me\/usa2018\/single-work\/voyage-voyage\/\" class=\"mask\" title=\"Voyage, voyage \ud83c\udfb6\"><h4>Voyage, voyage \ud83c\udfb6<cite>29.08.2018<\/cite> <\/h4><\/a><\/div><\/div><div class=\"col-xs-6 col-sm-4   mix  basement-thumb-margins\"    style=\"margin-bottom:0;\"><div class=\"basement-wrap-inner\"><img decoding=\"async\" src=\"https:\/\/journey.lionel.me\/usa2018\/wp-content\/uploads\/2018\/08\/2018-08-22-16.56.57-800x600.jpg\" style=\"max-width: 100%;\" alt=\"\"><a href=\"https:\/\/journey.lionel.me\/usa2018\/single-work\/561\/\" class=\"mask\" title=\"Ready to go! (almost)\"><h4>Ready to go! (almost)<cite>27.08.2018<\/cite> <\/h4><\/a><\/div><\/div><div class=\"col-xs-6 col-sm-4   mix  basement-thumb-margins\"    style=\"margin-bottom:0;\"><div class=\"basement-wrap-inner\"><img decoding=\"async\" src=\"https:\/\/journey.lionel.me\/usa2018\/wp-content\/uploads\/2018\/08\/Screen-Shot-2018-08-28-at-15.11.12-800x574.png\" style=\"max-width: 100%;\" alt=\"\"><a href=\"https:\/\/journey.lionel.me\/usa2018\/single-work\/five-years-ago\/\" class=\"mask\" title=\"Five years ago&#8230;\"><h4>Five years ago&#8230;<cite>26.08.2018<\/cite> <\/h4><\/a><\/div><\/div><\/div><div class=\"basement-gallery-info text-center\">39 projects<\/div><\/div><div class=\"full-width-basement\"><\/div>\n","protected":false},"excerpt":{"rendered":"<p>Voir la carte du voyage Note du 12.09: toutes les images pr\u00e9c\u00e9dant Monuement Valley ont \u00e9t\u00e9 mise \u00e0 jour au double de leur taille (pour ceux qui ont un \u00e9cran Retina, iPad ou \u00e9cran 4K).<\/p>\n","protected":false},"author":1,"featured_media":0,"parent":0,"menu_order":0,"comment_status":"closed","ping_status":"closed","template":"","meta":{"footnotes":""},"class_list":["post-13","page","type-page","status-publish","hentry"],"_links":{"self":[{"href":"https:\/\/journey.lionel.me\/usa2018\/wp-json\/wp\/v2\/pages\/13"}],"collection":[{"href":"https:\/\/journey.lionel.me\/usa2018\/wp-json\/wp\/v2\/pages"}],"about":[{"href":"https:\/\/journey.lionel.me\/usa2018\/wp-json\/wp\/v2\/types\/page"}],"author":[{"embeddable":true,"href":"https:\/\/journey.lionel.me\/usa2018\/wp-json\/wp\/v2\/users\/1"}],"replies":[{"embeddable":true,"href":"https:\/\/journey.lionel.me\/usa2018\/wp-json\/wp\/v2\/comments?post=13"}],"version-history":[{"count":10,"href":"https:\/\/journey.lionel.me\/usa2018\/wp-json\/wp\/v2\/pages\/13\/revisions"}],"predecessor-version":[{"id":951,"href":"https:\/\/journey.lionel.me\/usa2018\/wp-json\/wp\/v2\/pages\/13\/revisions\/951"}],"wp:attachment":[{"href":"https:\/\/journey.lionel.me\/usa2018\/wp-json\/wp\/v2\/media?parent=13"}],"curies":[{"name":"wp","href":"https:\/\/api.w.org\/{rel}","templated":true}]}}